*t + 41. Calculate o(-8).
-7
Let u(y) = y**3 - 4*y**2 - 5*y + 6. Calculate u(5).
6
Let y(n) = 74*n - 10. Determine y(1).
64
Let c(b) = -2*b**2 - 8*b + 8. Determine c(-8).
-56
Let a(d) = -6*d**2 + 10*d - 12. Calculate a(1).
-8
Let g(q) = -2*q**2 - 3*q + 1. Give g(-3).
-8
Let a(h) = -23*h + 129. Calculate a(6).
-9
Let p(v) = -v**3 + 3*v**2 + 6*v - 3. Calculate p(4).
5
Let t(p) = -3*p**2 + 29*p - 2. Give t(12).
-86
Let f(w) = w**3 - 3*w**2 - 11*w + 22. Calculate f(4).
-6
Let b(s) = 9*s - 85. What is b(8)?
-13
Let p(j) = 2*j**2 + 13*j - 1. Calculate p(-7).
6
Let i(j) = -j**2 - 3*j + 19. Determine i(-10).
-51
Let i(y) = -37*y - 108. Determine i(-3).
3
Let n(f) = 381*f + 2284. Calculate n(-6).
-2
Let f(d) = -2*d + 11. Give f(0).
11
Let z(k) = -17*k**2 - 2*k + 4. Calculate z(1).
-15
Let l(c) = 17*c - 5. Determine l(-4).
-73
Let a(y) = -2*y**2 + 9*y - 6. Determine a(8).
-62
Let z(p) = -12*p + 52. Give z(6).
-20
Let p(b) = 59*b - 234. Calculate p(4).
2
Let k(h) = h**3 + 13*h**2 + h + 23. Determine k(-13).
10
Let d(w) = -4*w**2 - 25*w - 69. Give d(-3).
-30
Let i(v) = v**3 - 25*v**2 - 2*v + 58. What is i(25)?
8
Let t(y) = -y**3 - 15*y**2 + 13*y - 47. What is t(-16)?
1
Let o(x) = x**2 - 11*x + 13. Calculate o(10).
3
Let u(m) = 9*m - 7. Give u(9).
74
Let n(l) = -18*l**2 + 7*l - 4. Calculate n(2).
-62
Let a(b) = -17*b + 6. Give a(2).
-28
Let m(o) = -o**3 - 2*o**2 + 1. Calculate m(-1).
0
Let g(f) = f**3 + 5*f**2 - 6*f - 31. What is g(-5)?
-1
Let q(j) = j**3 - 15*j**2 + j - 13. What is q(15)?
2
Let i(q) = q**2 - 5. Determine i(2).
-1
Let s(v) = 2*v**2 - 6*v - 16. Give s(6).
20
Let m(j) = j**2 - 78*j + 673. What is m(68)?
-7
Let r(k) = 11*k - 85. Determine r(12).
47
Let y(o) = -5*o**2 - 50*o - 6. Calculate y(-10).
-6
Let k(w) = 17*w + 711. What is k(-42)?
-3
Let z(q) = -q**3 + 6*q**2 - q + 6. What is z(5)?
26
Let i(m) = -m**3 - 11*m**2 + 42*m - 10. What is i(-14)?
-10
Let a(n) = -31*n**3 + 2*n**2 - 1. Give a(-1).
32
Let q(p) = -2*p**2 - 2*p + 1. Determine q(1).
-3
Let z(f) = f**3 - 3*f**2 + f + 4. What is z(0)?
4
Let p(q) = q**2 - 11*q - 64. Give p(-4).
-4
Let u(p) = -2*p - 1. What is u(-1)?
1
Let k(r) = -2*r**2 - 13*r - 18. Calculate k(-4).
2
Let z(b) = b**2 + 8*b + 9. Calculate z(-7).
2
Let z(t) = 3*t - 79. Give z(10).
-49
Let m(l) = l**3 + 5*l**2 - l - 2. Calculate m(-5).
3
Let l(f) = -15*f - 14. What is l(-6)?
76
Let r(s) = -2*s**2 - 17*s + 23. What is r(-10)?
-7
Let z(j) = 4*j**2 + 3*j - 3. Give z(-4).
49
Let s(k) = k**3 - 7*k**2 - 7*k - 17. What is s(8)?
-9
Let a(s) = -s**3 - 6*s**2 + 2. Give a(-4).
-30
Let i(b) = -2*b**2 - 13*b - 20. Give i(-8).
-44
Let z(h) = -9*h - 56. What is z(-5)?
-11
Let p(t) = 14*t + 112. Determine p(-9).
-14
Let p(z) = -z**3 - 42*z**2 - 39*z + 96. Give p(-41).
14
Let x(n) = n**3 + 10*n**2 - 16*n - 4. Calculate x(-12).
-100
Let f(v) = -v**2 + 57*v - 341. Determine f(7).
9
Let w(y) = -y**2 + 8*y - 15. Give w(2).
-3
Let s(t) = t**2 - 4. Calculate s(-3).
5
Let u(c) = -7*c - 2. What is u(-4)?
26
Let h(p) = -p**3 - p**2 - 1. What is h(1)?
-3
Let h(n) = 13*n - 51. Determine h(4).
1
Let z(i) = -4*i - 5. What is z(-2)?
3
Let y(p) = p**3 + 4*p**2 + 2*p - 6. Give y(-3).
-3
Let v(s) = s**3 - 2*s. Calculate v(-2).
-4
Let v(x) = x**3 + 10*x**2 + 13*x - 9. Give v(-8).
15
Let f(u) = 26*u + 90. What is f(-3)?
12
Let m(u) = -u**3 - 8*u**2 + 6*u - 8. Determine m(-9).
19
Let a(h) = h**3 + 17*h**2 + 15*h - 19. Give a(-16).
-3
Let m(u) = 2*u - 68. Determine m(0).
-68
Let h(g) = 2*g + 3. What is h(3)?
9
Let f(a) = -a**3 + 18*a**2 + 22*a - 47. What is f(19)?
10
Let a(y) = -7*y + 149. Calculate a(20).
9
Let z(q) = q**2 - 5*q - 8. Calculate z(6).
-2
Let y(t) = -t**2 - 29*t + 65. Calculate y(-30).
35
Let x(c) = 3*c**2 + c - 12. Calculate x(2).
2
Let w(c) = -c**3 + 19*c**2 - 17*c - 25. Calculate w(18).
-7
Let g(h) = 12*h + 132. Give g(-12).
-12
Let m(r) = r**2 + 15*r + 36. Give m(-10).
-14
Let t(b) = b**2 - 3*b - 9. Calculate t(0).
-9
Let f(w) = -w + 6. Calculate f(9).
-3
Let o(c) = -3*c + 4. What is o(3)?
-5
Let s(o) = 11*o - 29. Determine s(0).
-29
Let b(h) = -177*h + 717. Calculate b(4).
9
Let y(x) = 10*x - 29. Determine y(6).
31
Let q(a) = a**3 - 6*a**2 - 5*a - 15. Determine q(7).
-1
Let t(b) = b**2 + 18*b + 26. Give t(-16).
-6
Let y(n) = n**3 - 45*n**2 - 46*n + 5. What is y(46)?
5
Let c(n) = n**2 + 18*n + 30. Calculate c(-15).
-15
Let o(r) = -178*r + 1060. What is o(6)?
-8
Let y(s) = -8*s + 84. What is y(11)?
-4
Let z(h) = -h**3 + h**2 + 5*h + 3. Give z(-2).
5
Let u(z) = z**2 + 8*z - 34. What is u(-7)?
-41
Let t(w) = w**3 + 21*w**2 - w + 27. Give t(-21).
48
Let c(r) = r**2 - 14*r - 2. Give c(19).
93
Let y(o) = o**3 - 4*o**2 - 7*o + 16. Calculate y(5).
6
Let l(z) = -z**3 + 8*z**2 - 17*z + 7. Calculate l(7).
-63
Let g(n) = 2*n - 1. Give g(9).
17
Let t(v) = v**3 - 4*v**2 + v + 4. Determine t(4).
8
Let j(u) = -u**3 - 4*u**2 + 5*u + 3. What is j(-5)?
3
Let x(u) = -u**2 - 12*u + 4. What is x(-12)?
4
Let a(m) = m**3 + 20*m**2 + 20*m + 19. Determine a(-19).
0
Let b(q) = 8*q - 28. Calculate b(7).
28
Let q(t) = 6*t - 55. Give q(9).
-1
Let c(n) = -13*n**3 - 3*n**2 + 2*n + 2. Determine c(2).
-110
Let w(x) = -5*x**2 - 9*x - 20. Determine w(-3).
-38
Let k(j) = -j**2 + 13*j + 20. Give k(14).
6
Let h(l) = -4*l - 5. Give h(-4).
11
Let q(b) = -48*b - 5. What is q(-1)?
43
Let x(y) = -y**2 + 13*y - 53. Determine x(10).
-23
Let i(m) = m**3 - 9*m**2 + 11*m - 85. Give i(9).
14
Let s(t) = -2*t**2 - 4*t + 6. What is s(-4)?
-10
Let w(k) = -k**2 + 22*k - 104. What is w(6)?
-8
Let s(a) = a**3 + 13*a**2 + 11*a + 26. Calculate s(-12).
38
Let s(o) = 7*o + 31. Calculate s(-9).
-32
Let k(h) = -h**2 - 3*h - 9. Determine k(-2).
-7
Let z(u) = -u**3 + 3*u**2 + 6*u - 4. Calculate z(4).
4
Let l(y) = 12*y**2 - 86*y + 27. Give l(7).
13
Let h(v) = -5*v**2 - 16*v - 13. Determine h(-3).
-10
Let o(t) = 42*t**2 - 8*t + 9. What is o(2)?
161
Let v(l) = 21*l + 170. What is v(-8)?
2
Let x(f) = f - 10. Calculate x(7).
-3
Let b(m) = m**3 - 13*m**2 - 10*m - 58. Calculate b(14).
-2
Let n(f) = 2*f**2 + 20*f - 2. Give n(-10).
-2
Let z(l) = -44*l + 4. What is z(-2)?
92
Let j(g) = g**3 + 7*g**2 - g - 15. What is j(-7)?
-8
Let d(s) = s**3 - 7*s - 1. Calculate d(4).
35
Let v(r) = r**3 - 3*r**2 + 11*r - 21. Calculate v(3).
12
Let o(g) = -g**3 - 6*g**2 - 3*g - 14. What is o(-6)?
4
Let k(w) = -10*w - 3. What is k(-1)?
7
Let g(z) = z**3 + 3*z**2 + 5*z + 15. What is g(-3)?
0
Let h(x) = x**2 + 8*x + 12. Calculate h(-8).
12
Let i(z) = z - 9. What is i(7)?
-2
Let f(g) = -g**3 - 13*g**2 - 8*g + 46. Give f(-12).
-2
Let d(t) = 8*t**2 - 53*t - 17. Determine d(7).
4
Let b(z) = -10*z + 9. Determine b(-5).
59
Let b(h) = -h**3 - 17*h**2 + 39*h - 40. Give b(-19).
-59
Let f(m) = -4*m + 13. Give f(5).
-7
Let l(i) = -12*i - 1. Calculate l(-2).
23
Let t(g) = g**3 - 2*g**2 - 2*g + 17. Determine t(0).
17
Let v(r) = 13*r - 535. Give v(41).
-2
Let d(x) = x**3 + 5*x**2 + 5*x - 9. Calculate d(-4).
-13
Let b(c) = -c**2 - 9*c. Determine b(-9).
0
Let c(k) = 6*k**2 - k + 1. Give c(1).
6
Let u(h) = -10*h - 90. Determine u(-7).
-20
Let c(t) = t**3 + 7*t**2 - 6*t + 11. Give c(-8).
-5
Let q(a) = a - 12. Determine q(15).
3
Let t(w) = -w + 3. Determine t(4).
-1
Let n(u) = u**2 - 14*u + 4. Determine n(10).
-36
Let p(w) = -w**3 - 2*w**2 + 9*w + 8. Give p(4).
-52
Let s(g) = 2*g**2 + 4*g - 3. Give s(2).
13
Let f(w) = w - 2. Give f(-5).
-7
Let a(h) = h**2 + 22*h + 92. What is a(-6)?
-4
Let u(y) = 5*y**2 - 5*y. Give u(2).
10
Let q(k) = 12*k + 14. Give q(-3).
-22
Let w(z) = 17*z**3 - 1. Give w(1).
16
Let w(i) = -i**3 - 12*i**2 - 4*i - 47. Calculate w(-12).
1
Let a(u) = u**2 - 12*u + 8. Determine a(10).
-12
Let l(o) = 2*o**2 + o - 8. Calculate l(6).
70
Let l(k) = -k**3 - 5*k**2 - 3*k + 5. Determine l(-3).
-4
Let y(f) = 2*f**2 + 8*f + 7. Give y(-6).
31
Let t(q) = -q**2 + 5*q + 8. Give t(5).
8
Let k(q) = -q**3 + 12*q**2 + 2. What is k(12)?
2
Let t(c) = -c**2 - 11*c - 3. Calculate t(-10).
7
Let w(t) = t**3 - t**2 - 6*t + 6. Calculate w(3).
6
Let c(v) = 2*v**2 - v + 3. Give c(2).
9
Let s(t) = -6*t + 22. Give s(14).
-62
Let m(h) = 5*h + 136. Determine m(-25).
11
Let v(r) = r**3 - 2*r**2 - 2*r. Determine v(3).
3
Let u(f) = -4*f**2 + 6*f - 3. Determine u(2).
-7
Let w(f) = 7*f - 33. Determine w(3).
-12
Let z(b) = -51*b - 300. Give z(-6).
6
Let l(g) = 2*g**3